{"id":38,"date":"2019-01-22T16:37:04","date_gmt":"2019-01-22T16:37:04","guid":{"rendered":"http:\/\/www.alfred-tretner.de\/?page_id=38"},"modified":"2019-06-29T07:16:22","modified_gmt":"2019-06-29T07:16:22","slug":"xy","status":"publish","type":"page","link":"https:\/\/www.alfred-tretner.de\/?page_id=38","title":{"rendered":"HOFANLAGE"},"content":{"rendered":"\n<p>Unser Hof liegt in Hildbrandsgr\u00fcn bei M\u00fcnchberg im Landkreis Hof im sch\u00f6nen Oberfranken.<\/p>\n\n\n\n<p>Der Stall bietet eine gro\u00dfe Offenstallanlage f\u00fcr unsere eigenen Pferde, 5 Paddockboxen f\u00fcr Beritt- und Gastpferde und zwei Innenboxen.<\/p>\n\n\n\n<p>Unseren Gastpferden stehen gro\u00dfz\u00fcgige Einzelkoppeln zur Verf\u00fcgung.<\/p>\n\n\n\n<p>Wir bewirtschaften insgesamt 10 ha Wiesenfl\u00e4chen und gewinnen hier unser eigenes Heu.<\/p>\n\n\n\n<p>Ein kleines Waldst\u00fcck geh\u00f6rt ebenfalls zum Anwesen.<\/p>\n\n\n\n<p>F\u00fcr die Arbeit mit den Pferden steht ein 25x50m grosser Sandreitplatz sowie ein Longier- und Reitzelt mit 20 m Durchmesser zur Verf\u00fcgung. <\/p>\n\n\n\n<p>An reitfreien Tagen d\u00fcrfen sich die Pferde in der F\u00fchranlage bewegen.<\/p>\n\n\n\n<p>Rings um unseren Hof befindet sich ein wundersch\u00f6nes, weitl\u00e4ufiges und abwechslungsreiches Ausreitgel\u00e4nde.<\/p>\n\n\n\n<div class=\"wp-block-image\"><figure class=\"aligncenter\"><img decoding=\"async\" loading=\"lazy\" width=\"1024\" height=\"576\" src=\"https:\/\/www.alfred-tretner.de\/wp-content\/uploads\/2019\/06\/IMG-20190512-WA00031-1024x576.jpg\" alt=\"\" class=\"wp-image-988\" srcset=\"https:\/\/www.alfred-tretner.de\/wp-content\/uploads\/2019\/06\/IMG-20190512-WA00031-1024x576.jpg 1024w, https:\/\/www.alfred-tretner.de\/wp-content\/uploads\/2019\/06\/IMG-20190512-WA00031-300x169.jpg 300w, https:\/\/www.alfred-tretner.de\/wp-content\/uploads\/2019\/06\/IMG-20190512-WA00031-768x432.jpg 768w, https:\/\/www.alfred-tretner.de\/wp-content\/uploads\/2019\/06\/IMG-20190512-WA00031.jpg 1336w\" sizes=\"(max-width: 1024px) 100vw, 1024px\" \/><\/figure><\/div>\n\n\n\n<ul class=\"is-layout-flex wp-block-gallery-1 wp-block-gallery aligncenter columns-3 is-cropped\"><li class=\"blocks-gallery-item\"><figure><img decoding=\"async\" loading=\"lazy\" width=\"1024\" height=\"576\" src=\"https:\/\/www.alfred-tretner.de\/wp-content\/uploads\/2019\/06\/DSC_01881-1024x576.jpg\" alt=\"\" data-id=\"986\" data-link=\"https:\/\/www.alfred-tretner.de\/?attachment_id=986\" class=\"wp-image-986\" srcset=\"https:\/\/www.alfred-tretner.de\/wp-content\/uploads\/2019\/06\/DSC_01881-1024x576.jpg 1024w, https:\/\/www.alfred-tretner.de\/wp-content\/uploads\/2019\/06\/DSC_01881-300x169.jpg 300w, https:\/\/www.alfred-tretner.de\/wp-content\/uploads\/2019\/06\/DSC_01881-768x432.jpg 768w, https:\/\/www.alfred-tretner.de\/wp-content\/uploads\/2019\/06\/DSC_01881-1920x1081.jpg 1920w\" sizes=\"(max-width: 1024px) 100vw, 1024px\" \/><\/figure><\/li><li class=\"blocks-gallery-item\"><figure><img decoding=\"async\" loading=\"lazy\" width=\"1024\" height=\"683\" src=\"https:\/\/www.alfred-tretner.de\/wp-content\/uploads\/2019\/06\/Reitzelt-1024x683.jpg\" alt=\"\" data-id=\"991\" data-link=\"https:\/\/www.alfred-tretner.de\/?attachment_id=991\" class=\"wp-image-991\" srcset=\"https:\/\/www.alfred-tretner.de\/wp-content\/uploads\/2019\/06\/Reitzelt-1024x683.jpg 1024w, https:\/\/www.alfred-tretner.de\/wp-content\/uploads\/2019\/06\/Reitzelt-300x200.jpg 300w, https:\/\/www.alfred-tretner.de\/wp-content\/uploads\/2019\/06\/Reitzelt-768x512.jpg 768w, https:\/\/www.alfred-tretner.de\/wp-content\/uploads\/2019\/06\/Reitzelt-1920x1280.jpg 1920w\" sizes=\"(max-width: 1024px) 100vw, 1024px\" \/><\/figure><\/li><li class=\"blocks-gallery-item\"><figure><img decoding=\"async\" loading=\"lazy\" width=\"1024\" height=\"683\" src=\"https:\/\/www.alfred-tretner.de\/wp-content\/uploads\/2019\/01\/IMG_4674-1024x683.jpg\" alt=\"\" data-id=\"451\" data-link=\"https:\/\/www.alfred-tretner.de\/?attachment_id=451\" class=\"wp-image-451\" srcset=\"https:\/\/www.alfred-tretner.de\/wp-content\/uploads\/2019\/01\/IMG_4674-1024x683.jpg 1024w, https:\/\/www.alfred-tretner.de\/wp-content\/uploads\/2019\/01\/IMG_4674-300x200.jpg 300w, https:\/\/www.alfred-tretner.de\/wp-content\/uploads\/2019\/01\/IMG_4674-768x512.jpg 768w, https:\/\/www.alfred-tretner.de\/wp-content\/uploads\/2019\/01\/IMG_4674.jpg 1620w\" sizes=\"(max-width: 1024px) 100vw, 1024px\" \/><\/figure><\/li><li class=\"blocks-gallery-item\"><figure><img decoding=\"async\" loading=\"lazy\" width=\"1024\" height=\"684\" src=\"https:\/\/www.alfred-tretner.de\/wp-content\/uploads\/2019\/01\/DSC_9874-1024x684.jpg\" alt=\"\" data-id=\"124\" data-link=\"https:\/\/www.alfred-tretner.de\/?attachment_id=124\" class=\"wp-image-124\" srcset=\"https:\/\/www.alfred-tretner.de\/wp-content\/uploads\/2019\/01\/DSC_9874-1024x684.jpg 1024w, https:\/\/www.alfred-tretner.de\/wp-content\/uploads\/2019\/01\/DSC_9874-300x200.jpg 300w, https:\/\/www.alfred-tretner.de\/wp-content\/uploads\/2019\/01\/DSC_9874-768x513.jpg 768w, https:\/\/www.alfred-tretner.de\/wp-content\/uploads\/2019\/01\/DSC_9874.jpg 1772w\" sizes=\"(max-width: 1024px) 100vw, 1024px\" \/><\/figure><\/li><\/ul>\n","protected":false},"excerpt":{"rendered":"<p>Unser Hof liegt in Hildbrandsgr\u00fcn bei M\u00fcnchberg im Landkreis Hof im sch\u00f6nen Oberfranken. Der Stall bietet eine gro\u00dfe Offenstallanlage f\u00fcr unsere eigenen Pferde, 5 Paddockboxen&hellip;<\/p>\n","protected":false},"author":1,"featured_media":125,"parent":0,"menu_order":0,"comment_status":"closed","ping_status":"closed","template":"","meta":[],"_links":{"self":[{"href":"https:\/\/www.alfred-tretner.de\/index.php?rest_route=\/wp\/v2\/pages\/38"}],"collection":[{"href":"https:\/\/www.alfred-tretner.de\/index.php?rest_route=\/wp\/v2\/pages"}],"about":[{"href":"https:\/\/www.alfred-tretner.de\/index.php?rest_route=\/wp\/v2\/types\/page"}],"author":[{"embeddable":true,"href":"https:\/\/www.alfred-tretner.de\/index.php?rest_route=\/wp\/v2\/users\/1"}],"replies":[{"embeddable":true,"href":"https:\/\/www.alfred-tretner.de\/index.php?rest_route=%2Fwp%2Fv2%2Fcomments&post=38"}],"version-history":[{"count":20,"href":"https:\/\/www.alfred-tretner.de\/index.php?rest_route=\/wp\/v2\/pages\/38\/revisions"}],"predecessor-version":[{"id":1060,"href":"https:\/\/www.alfred-tretner.de\/index.php?rest_route=\/wp\/v2\/pages\/38\/revisions\/1060"}],"wp:featuredmedia":[{"embeddable":true,"href":"https:\/\/www.alfred-tretner.de\/index.php?rest_route=\/wp\/v2\/media\/125"}],"wp:attachment":[{"href":"https:\/\/www.alfred-tretner.de\/index.php?rest_route=%2Fwp%2Fv2%2Fmedia&parent=38"}],"curies":[{"name":"wp","href":"https:\/\/api.w.org\/{rel}","templated":true}]}}