{"id":229,"date":"2019-01-23T11:21:27","date_gmt":"2019-01-23T11:21:27","guid":{"rendered":"http:\/\/www.alfred-tretner.de\/?page_id=229"},"modified":"2019-07-23T08:04:07","modified_gmt":"2019-07-23T08:04:07","slug":"unsere-tiere","status":"publish","type":"page","link":"https:\/\/www.alfred-tretner.de\/?page_id=229","title":{"rendered":"UNSERE FAMILIE"},"content":{"rendered":"\n<p>Wir leben mit unseren beiden Kindern Sonja und Simon auf unserem Hof in Hildbrandsgr\u00fcn.<\/p>\n\n\n\n<p style=\"text-align:left\">Unsere kleine Pferdeherde besteht aus vier Wallachen unterschiedlicher Rassen: zwei Quarterhorses, einem Araber und einem PRE.<\/p>\n\n\n\n<p>Unser Hofhund ist der quirlige Diego.<\/p>\n\n\n\n<p>Drei Katzen und zw\u00f6lf H\u00fchner vervollst\u00e4ndigen unseren Hof.<\/p>\n\n\n\n<ul class=\"is-layout-flex wp-block-gallery-1 wp-block-gallery aligncenter columns-3 is-cropped\"><li class=\"blocks-gallery-item\"><figure><img decoding=\"async\" loading=\"lazy\" width=\"677\" height=\"1024\" src=\"https:\/\/www.alfred-tretner.de\/wp-content\/uploads\/2019\/06\/Simon-und-Sonja-677x1024.jpg\" alt=\"\" data-id=\"994\" data-link=\"https:\/\/www.alfred-tretner.de\/?attachment_id=994\" class=\"wp-image-994\" srcset=\"https:\/\/www.alfred-tretner.de\/wp-content\/uploads\/2019\/06\/Simon-und-Sonja-677x1024.jpg 677w, https:\/\/www.alfred-tretner.de\/wp-content\/uploads\/2019\/06\/Simon-und-Sonja-198x300.jpg 198w, https:\/\/www.alfred-tretner.de\/wp-content\/uploads\/2019\/06\/Simon-und-Sonja-768x1161.jpg 768w, https:\/\/www.alfred-tretner.de\/wp-content\/uploads\/2019\/06\/Simon-und-Sonja.jpg 1216w\" sizes=\"(max-width: 677px) 100vw, 677px\" \/><\/figure><\/li><li class=\"blocks-gallery-item\"><figure><img decoding=\"async\" loading=\"lazy\" width=\"768\" height=\"1024\" src=\"https:\/\/www.alfred-tretner.de\/wp-content\/uploads\/2019\/06\/Simon-und-Diego-e1561744120901-768x1024.jpg\" alt=\"\" data-id=\"993\" data-link=\"https:\/\/www.alfred-tretner.de\/?attachment_id=993\" class=\"wp-image-993\" srcset=\"https:\/\/www.alfred-tretner.de\/wp-content\/uploads\/2019\/06\/Simon-und-Diego-e1561744120901-768x1024.jpg 768w, https:\/\/www.alfred-tretner.de\/wp-content\/uploads\/2019\/06\/Simon-und-Diego-e1561744120901-225x300.jpg 225w, https:\/\/www.alfred-tretner.de\/wp-content\/uploads\/2019\/06\/Simon-und-Diego-e1561744120901-1920x2560.jpg 1920w\" sizes=\"(max-width: 768px) 100vw, 768px\" \/><\/figure><\/li><li class=\"blocks-gallery-item\"><figure><img decoding=\"async\" loading=\"lazy\" width=\"768\" height=\"1024\" src=\"https:\/\/www.alfred-tretner.de\/wp-content\/uploads\/2019\/06\/Sonja-und-Maus-e1561744085624-768x1024.jpg\" alt=\"\" data-id=\"995\" data-link=\"https:\/\/www.alfred-tretner.de\/?attachment_id=995\" class=\"wp-image-995\" srcset=\"https:\/\/www.alfred-tretner.de\/wp-content\/uploads\/2019\/06\/Sonja-und-Maus-e1561744085624-768x1024.jpg 768w, https:\/\/www.alfred-tretner.de\/wp-content\/uploads\/2019\/06\/Sonja-und-Maus-e1561744085624-225x300.jpg 225w, https:\/\/www.alfred-tretner.de\/wp-content\/uploads\/2019\/06\/Sonja-und-Maus-e1561744085624-1920x2560.jpg 1920w\" sizes=\"(max-width: 768px) 100vw, 768px\" \/><\/figure><\/li><\/ul>\n\n\n\n<div class=\"wp-block-image\"><figure class=\"aligncenter\"><img decoding=\"async\" loading=\"lazy\" width=\"1024\" height=\"576\" src=\"https:\/\/www.alfred-tretner.de\/wp-content\/uploads\/2019\/06\/Diego-e1561739794622-1024x576.jpg\" alt=\"\" class=\"wp-image-985\" srcset=\"https:\/\/www.alfred-tretner.de\/wp-content\/uploads\/2019\/06\/Diego-e1561739794622-1024x576.jpg 1024w, https:\/\/www.alfred-tretner.de\/wp-content\/uploads\/2019\/06\/Diego-e1561739794622-300x169.jpg 300w, https:\/\/www.alfred-tretner.de\/wp-content\/uploads\/2019\/06\/Diego-e1561739794622-768x432.jpg 768w, https:\/\/www.alfred-tretner.de\/wp-content\/uploads\/2019\/06\/Diego-e1561739794622-1920x1080.jpg 1920w\" sizes=\"(max-width: 1024px) 100vw, 1024px\" \/><\/figure><\/div>\n\n\n\n<ul class=\"is-layout-flex wp-block-gallery-3 wp-block-gallery aligncenter columns-3 is-cropped\"><li class=\"blocks-gallery-item\"><figure><img decoding=\"async\" loading=\"lazy\" width=\"684\" height=\"1024\" src=\"https:\/\/www.alfred-tretner.de\/wp-content\/uploads\/2019\/01\/DSC_0307-Kopie-684x1024.jpg\" alt=\"\" data-id=\"192\" data-link=\"https:\/\/www.alfred-tretner.de\/?attachment_id=192\" class=\"wp-image-192\" srcset=\"https:\/\/www.alfred-tretner.de\/wp-content\/uploads\/2019\/01\/DSC_0307-Kopie-684x1024.jpg 684w, https:\/\/www.alfred-tretner.de\/wp-content\/uploads\/2019\/01\/DSC_0307-Kopie-200x300.jpg 200w, https:\/\/www.alfred-tretner.de\/wp-content\/uploads\/2019\/01\/DSC_0307-Kopie-768x1150.jpg 768w, https:\/\/www.alfred-tretner.de\/wp-content\/uploads\/2019\/01\/DSC_0307-Kopie.jpg 1772w\" sizes=\"(max-width: 684px) 100vw, 684px\" \/><\/figure><\/li><li class=\"blocks-gallery-item\"><figure><img decoding=\"async\" loading=\"lazy\" width=\"621\" height=\"949\" src=\"https:\/\/www.alfred-tretner.de\/wp-content\/uploads\/2019\/07\/Spirit-2018_2.jpg\" alt=\"\" data-id=\"1133\" data-link=\"https:\/\/www.alfred-tretner.de\/?attachment_id=1133\" class=\"wp-image-1133\" srcset=\"https:\/\/www.alfred-tretner.de\/wp-content\/uploads\/2019\/07\/Spirit-2018_2.jpg 621w, https:\/\/www.alfred-tretner.de\/wp-content\/uploads\/2019\/07\/Spirit-2018_2-196x300.jpg 196w\" sizes=\"(max-width: 621px) 100vw, 621px\" \/><\/figure><\/li><li class=\"blocks-gallery-item\"><figure><img decoding=\"async\" loading=\"lazy\" width=\"684\" height=\"1024\" src=\"https:\/\/www.alfred-tretner.de\/wp-content\/uploads\/2019\/02\/DSC_0317-684x1024.jpg\" alt=\"\" data-id=\"956\" data-link=\"https:\/\/www.alfred-tretner.de\/?attachment_id=956\" class=\"wp-image-956\" srcset=\"https:\/\/www.alfred-tretner.de\/wp-content\/uploads\/2019\/02\/DSC_0317-684x1024.jpg 684w, https:\/\/www.alfred-tretner.de\/wp-content\/uploads\/2019\/02\/DSC_0317-200x300.jpg 200w, https:\/\/www.alfred-tretner.de\/wp-content\/uploads\/2019\/02\/DSC_0317-768x1150.jpg 768w, https:\/\/www.alfred-tretner.de\/wp-content\/uploads\/2019\/02\/DSC_0317.jpg 1772w\" sizes=\"(max-width: 684px) 100vw, 684px\" \/><\/figure><\/li><li class=\"blocks-gallery-item\"><figure><img decoding=\"async\" loading=\"lazy\" width=\"1024\" height=\"450\" src=\"https:\/\/www.alfred-tretner.de\/wp-content\/uploads\/2019\/02\/Herde-1024x450.jpg\" alt=\"\" data-id=\"961\" data-link=\"https:\/\/www.alfred-tretner.de\/?attachment_id=961\" class=\"wp-image-961\" srcset=\"https:\/\/www.alfred-tretner.de\/wp-content\/uploads\/2019\/02\/Herde-1024x450.jpg 1024w, https:\/\/www.alfred-tretner.de\/wp-content\/uploads\/2019\/02\/Herde-300x132.jpg 300w, https:\/\/www.alfred-tretner.de\/wp-content\/uploads\/2019\/02\/Herde-768x338.jpg 768w, https:\/\/www.alfred-tretner.de\/wp-content\/uploads\/2019\/02\/Herde.jpg 1772w\" sizes=\"(max-width: 1024px) 100vw, 1024px\" \/><\/figure><\/li><\/ul>\n\n\n\n<ul class=\"is-layout-flex wp-block-gallery-5 wp-block-gallery aligncenter columns-3 is-cropped\"><li class=\"blocks-gallery-item\"><figure><img decoding=\"async\" loading=\"lazy\" width=\"1024\" height=\"683\" src=\"https:\/\/www.alfred-tretner.de\/wp-content\/uploads\/2019\/01\/IMG_0862-1024x683.jpg\" alt=\"\" data-id=\"181\" data-link=\"https:\/\/www.alfred-tretner.de\/?attachment_id=181\" class=\"wp-image-181\" srcset=\"https:\/\/www.alfred-tretner.de\/wp-content\/uploads\/2019\/01\/IMG_0862.jpg 1024w, https:\/\/www.alfred-tretner.de\/wp-content\/uploads\/2019\/01\/IMG_0862-300x200.jpg 300w, https:\/\/www.alfred-tretner.de\/wp-content\/uploads\/2019\/01\/IMG_0862-768x512.jpg 768w\" sizes=\"(max-width: 1024px) 100vw, 1024px\" \/><\/figure><\/li><li class=\"blocks-gallery-item\"><figure><img decoding=\"async\" loading=\"lazy\" width=\"1024\" height=\"684\" src=\"https:\/\/www.alfred-tretner.de\/wp-content\/uploads\/2019\/01\/DSC_0050-1024x684.jpg\" alt=\"\" data-id=\"49\" data-link=\"https:\/\/www.alfred-tretner.de\/?attachment_id=49\" class=\"wp-image-49\" srcset=\"https:\/\/www.alfred-tretner.de\/wp-content\/uploads\/2019\/01\/DSC_0050-1024x684.jpg 1024w, https:\/\/www.alfred-tretner.de\/wp-content\/uploads\/2019\/01\/DSC_0050-300x200.jpg 300w, https:\/\/www.alfred-tretner.de\/wp-content\/uploads\/2019\/01\/DSC_0050-768x513.jpg 768w, https:\/\/www.alfred-tretner.de\/wp-content\/uploads\/2019\/01\/DSC_0050.jpg 1772w\" sizes=\"(max-width: 1024px) 100vw, 1024px\" \/><\/figure><\/li><li class=\"blocks-gallery-item\"><figure><img decoding=\"async\" loading=\"lazy\" width=\"684\" height=\"1024\" src=\"https:\/\/www.alfred-tretner.de\/wp-content\/uploads\/2019\/01\/DSC_0344-684x1024.jpg\" alt=\"\" data-id=\"74\" data-link=\"https:\/\/www.alfred-tretner.de\/?attachment_id=74\" class=\"wp-image-74\" srcset=\"https:\/\/www.alfred-tretner.de\/wp-content\/uploads\/2019\/01\/DSC_0344-684x1024.jpg 684w, https:\/\/www.alfred-tretner.de\/wp-content\/uploads\/2019\/01\/DSC_0344-200x300.jpg 200w, https:\/\/www.alfred-tretner.de\/wp-content\/uploads\/2019\/01\/DSC_0344-768x1150.jpg 768w, https:\/\/www.alfred-tretner.de\/wp-content\/uploads\/2019\/01\/DSC_0344.jpg 1772w\" sizes=\"(max-width: 684px) 100vw, 684px\" \/><\/figure><\/li><\/ul>\n\n\n\n<p><br><\/p>\n","protected":false},"excerpt":{"rendered":"<p>Wir leben mit unseren beiden Kindern Sonja und Simon auf unserem Hof in Hildbrandsgr\u00fcn. Unsere kleine Pferdeherde besteht aus vier Wallachen unterschiedlicher Rassen: zwei Quarterhorses,&hellip;<\/p>\n","protected":false},"author":1,"featured_media":1126,"parent":0,"menu_order":0,"comment_status":"closed","ping_status":"closed","template":"","meta":[],"_links":{"self":[{"href":"https:\/\/www.alfred-tretner.de\/index.php?rest_route=\/wp\/v2\/pages\/229"}],"collection":[{"href":"https:\/\/www.alfred-tretner.de\/index.php?rest_route=\/wp\/v2\/pages"}],"about":[{"href":"https:\/\/www.alfred-tretner.de\/index.php?rest_route=\/wp\/v2\/types\/page"}],"author":[{"embeddable":true,"href":"https:\/\/www.alfred-tretner.de\/index.php?rest_route=\/wp\/v2\/users\/1"}],"replies":[{"embeddable":true,"href":"https:\/\/www.alfred-tretner.de\/index.php?rest_route=%2Fwp%2Fv2%2Fcomments&post=229"}],"version-history":[{"count":18,"href":"https:\/\/www.alfred-tretner.de\/index.php?rest_route=\/wp\/v2\/pages\/229\/revisions"}],"predecessor-version":[{"id":1138,"href":"https:\/\/www.alfred-tretner.de\/index.php?rest_route=\/wp\/v2\/pages\/229\/revisions\/1138"}],"wp:featuredmedia":[{"embeddable":true,"href":"https:\/\/www.alfred-tretner.de\/index.php?rest_route=\/wp\/v2\/media\/1126"}],"wp:attachment":[{"href":"https:\/\/www.alfred-tretner.de\/index.php?rest_route=%2Fwp%2Fv2%2Fmedia&parent=229"}],"curies":[{"name":"wp","href":"https:\/\/api.w.org\/{rel}","templated":true}]}}