{"id":211,"date":"2019-01-23T10:20:47","date_gmt":"2019-01-23T10:20:47","guid":{"rendered":"http:\/\/www.alfred-tretner.de\/?page_id=211"},"modified":"2019-06-29T06:41:35","modified_gmt":"2019-06-29T06:41:35","slug":"alfred-tretner","status":"publish","type":"page","link":"https:\/\/www.alfred-tretner.de\/?page_id=211","title":{"rendered":"ALFRED TRETNER"},"content":{"rendered":"\n<p>Seit meiner Kindheit begleiten mich die Pferde durchs Leben und sind f\u00fcr mich nicht mehr wegzudenken.<\/p>\n\n\n\n<p>Als Jugendlicher verbrachte ich meine Freizeit auf einem Shagya-Araber-Gest\u00fct. Im Alter von 15 Jahren begann ich mit dem Westernreiten bei Roger Kupfer. <\/p>\n\n\n\n<p>Im Jahr 2000 machte ich mein Hobby zum Beruf und arbeitete 5 Jahre lang als Co-Trainer im Roger Kupfer Training Stable.<\/p>\n\n\n\n<p>Von 2006 bis 2012 war ich als Vereinstrainer beim PSV Freystadt t\u00e4tig.<\/p>\n\n\n\n<p>Heute bewirtschafte ich mit meiner Familie unseren eigenen Hof in Hildbrandsgr\u00fcn bei M\u00fcnchberg. <\/p>\n\n\n\n<p>Hier bilde ich Pferde f\u00fcr meine Kunden vom ersten Kontakt bis in die hohen Lektionen aus. Meine Frau Christine unterst\u00fctzt mich tatkr\u00e4ftig dabei. <\/p>\n\n\n\n<p>Gerne fahre ich f\u00fcr Reitunterricht in die St\u00e4lle meiner Kunden.<\/p>\n\n\n\n<div class=\"wp-block-image\"><figure class=\"aligncenter\"><img decoding=\"async\" loading=\"lazy\" width=\"1024\" height=\"683\" src=\"https:\/\/www.alfred-tretner.de\/wp-content\/uploads\/2019\/01\/Nadin-ger.-Sept.-2017-560-2-1024x683.jpg\" alt=\"\" class=\"wp-image-677\" srcset=\"https:\/\/www.alfred-tretner.de\/wp-content\/uploads\/2019\/01\/Nadin-ger.-Sept.-2017-560-2-1024x683.jpg 1024w, https:\/\/www.alfred-tretner.de\/wp-content\/uploads\/2019\/01\/Nadin-ger.-Sept.-2017-560-2-300x200.jpg 300w, https:\/\/www.alfred-tretner.de\/wp-content\/uploads\/2019\/01\/Nadin-ger.-Sept.-2017-560-2-768x512.jpg 768w, https:\/\/www.alfred-tretner.de\/wp-content\/uploads\/2019\/01\/Nadin-ger.-Sept.-2017-560-2-1920x1281.jpg 1920w\" sizes=\"(max-width: 1024px) 100vw, 1024px\" \/><\/figure><\/div>\n","protected":false},"excerpt":{"rendered":"<p>Seit meiner Kindheit begleiten mich die Pferde durchs Leben und sind f\u00fcr mich nicht mehr wegzudenken. Als Jugendlicher verbrachte ich meine Freizeit auf einem Shagya-Araber-Gest\u00fct.&hellip;<\/p>\n","protected":false},"author":1,"featured_media":677,"parent":155,"menu_order":0,"comment_status":"closed","ping_status":"closed","template":"","meta":[],"_links":{"self":[{"href":"https:\/\/www.alfred-tretner.de\/index.php?rest_route=\/wp\/v2\/pages\/211"}],"collection":[{"href":"https:\/\/www.alfred-tretner.de\/index.php?rest_route=\/wp\/v2\/pages"}],"about":[{"href":"https:\/\/www.alfred-tretner.de\/index.php?rest_route=\/wp\/v2\/types\/page"}],"author":[{"embeddable":true,"href":"https:\/\/www.alfred-tretner.de\/index.php?rest_route=\/wp\/v2\/users\/1"}],"replies":[{"embeddable":true,"href":"https:\/\/www.alfred-tretner.de\/index.php?rest_route=%2Fwp%2Fv2%2Fcomments&post=211"}],"version-history":[{"count":8,"href":"https:\/\/www.alfred-tretner.de\/index.php?rest_route=\/wp\/v2\/pages\/211\/revisions"}],"predecessor-version":[{"id":1042,"href":"https:\/\/www.alfred-tretner.de\/index.php?rest_route=\/wp\/v2\/pages\/211\/revisions\/1042"}],"up":[{"embeddable":true,"href":"https:\/\/www.alfred-tretner.de\/index.php?rest_route=\/wp\/v2\/pages\/155"}],"wp:featuredmedia":[{"embeddable":true,"href":"https:\/\/www.alfred-tretner.de\/index.php?rest_route=\/wp\/v2\/media\/677"}],"wp:attachment":[{"href":"https:\/\/www.alfred-tretner.de\/index.php?rest_route=%2Fwp%2Fv2%2Fmedia&parent=211"}],"curies":[{"name":"wp","href":"https:\/\/api.w.org\/{rel}","templated":true}]}}

<p>Seit meiner Kindheit begleiten mich die Pferde durchs Leben und sind für mich nicht mehr wegzudenken.</p>



<p>Als Jugendlicher verbrachte ich meine Freizeit auf einem Shagya-Araber-Gestüt. Im Alter von 15 Jahren begann ich mit dem Westernreiten bei Roger Kupfer. </p>



<p>Im Jahr 2000 machte ich mein Hobby zum Beruf und arbeitete 5 Jahre lang als Co-Trainer im Roger Kupfer Training Stable.</p>



<p>Von 2006 bis 2012 war ich als Vereinstrainer beim PSV Freystadt tätig.</p>



<p>Heute bewirtschafte ich mit meiner Familie unseren eigenen Hof in Hildbrandsgrün bei Münchberg. </p>



<p>Hier bilde ich Pferde für meine Kunden vom ersten Kontakt bis in die hohen Lektionen aus. Meine Frau Christine unterstützt mich tatkräftig dabei. </p>



<p>Gerne fahre ich für Reitunterricht in die Ställe meiner Kunden.</p>



<div class="wp-block-image"><figure class="aligncenter"><img decoding="async" loading="lazy" width="1024" height="683" src="https://www.alfred-tretner.de/wp-content/uploads/2019/01/Nadin-ger.-Sept.-2017-560-2-1024x683.jpg" alt="" class="wp-image-677" srcset="https://www.alfred-tretner.de/wp-content/uploads/2019/01/Nadin-ger.-Sept.-2017-560-2-1024x683.jpg 1024w, https://www.alfred-tretner.de/wp-content/uploads/2019/01/Nadin-ger.-Sept.-2017-560-2-300x200.jpg 300w, https://www.alfred-tretner.de/wp-content/uploads/2019/01/Nadin-ger.-Sept.-2017-560-2-768x512.jpg 768w, https://www.alfred-tretner.de/wp-content/uploads/2019/01/Nadin-ger.-Sept.-2017-560-2-1920x1281.jpg 1920w" sizes="(max-width: 1024px) 100vw, 1024px" /></figure></div>

<p>Seit meiner Kindheit begleiten mich die Pferde durchs Leben und sind für mich nicht mehr wegzudenken. Als Jugendlicher verbrachte ich meine Freizeit auf einem Shagya-Araber-Gestüt.&hellip;</p>
